{"id":2493,"date":"2023-03-17T11:42:24","date_gmt":"2023-03-17T10:42:24","guid":{"rendered":"https:\/\/skeikampenbooking.no\/2023?page_id=2493"},"modified":"2025-04-21T09:32:27","modified_gmt":"2025-04-21T07:32:27","slug":"overnatting","status":"publish","type":"page","link":"https:\/\/skeikampenbooking.no\/","title":{"rendered":"Overnatting"},"content":{"rendered":"\t\t<div data-elementor-type=\"wp-page\" data-elementor-id=\"2493\" class=\"elementor elementor-2493\" data-elementor-post-type=\"page\">\n\t\t\t\t\t\t<section class=\"elementor-section elementor-top-section elementor-element elementor-element-95e7a8a elementor-section-full_width elementor-section-height-default elementor-section-height-default\" data-id=\"95e7a8a\" data-element_type=\"section\" data-e-type=\"section\">\n\t\t\t\t\t\t<div class=\"elementor-container elementor-column-gap-default\">\n\t\t\t\t\t<div class=\"elementor-column elementor-col-100 elementor-top-column elementor-element elementor-element-c8b014f\" data-id=\"c8b014f\" data-element_type=\"column\" data-e-type=\"column\">\n\t\t\t<div class=\"elementor-widget-wrap elementor-element-populated\">\n\t\t\t\t\t\t<div class=\"elementor-element elementor-element-5f0d0c8 elementor-widget elementor-widget-html\" data-id=\"5f0d0c8\" data-element_type=\"widget\" data-e-type=\"widget\" data-widget_type=\"html.default\">\n\t\t\t\t<div class=\"elementor-widget-container\">\n\t\t\t\t\t<div id=\"r360\"><\/div> \r\n<script src=\"\/\/skeikampen.r360online.se\/js\/v3\/client.js\"><\/script>\r\n<script type=\"text\/javascript\">\r\n  \/\/ Add optional configuration here\r\n  if (r360client) {\r\n     r360client.overrideDefaultLanguage = 'no';\r\n  }\r\n<\/script>\t\t\t\t<\/div>\n\t\t\t\t<\/div>\n\t\t\t\t\t<\/div>\n\t\t<\/div>\n\t\t\t\t\t<\/div>\n\t\t<\/section>\n\t\t\t\t<section class=\"elementor-section elementor-top-section elementor-element elementor-element-0cd4691 elementor-section-boxed elementor-section-height-default elementor-section-height-default\" data-id=\"0cd4691\" data-element_type=\"section\" data-e-type=\"section\">\n\t\t\t\t\t\t<div class=\"elementor-container elementor-column-gap-default\">\n\t\t\t\t\t<div class=\"elementor-column elementor-col-100 elementor-top-column elementor-element elementor-element-34a607d\" data-id=\"34a607d\" data-element_type=\"column\" data-e-type=\"column\">\n\t\t\t<div class=\"elementor-widget-wrap\">\n\t\t\t\t\t\t\t<\/div>\n\t\t<\/div>\n\t\t\t\t\t<\/div>\n\t\t<\/section>\n\t\t\t\t<\/div>\n\t\t","protected":false},"excerpt":{"rendered":"","protected":false},"author":1,"featured_media":0,"parent":0,"menu_order":0,"comment_status":"closed","ping_status":"closed","template":"","meta":{"footnotes":""},"class_list":["post-2493","page","type-page","status-publish","hentry"],"yoast_head":"<!-- This site is optimized with the Yoast SEO plugin v27.0 - https:\/\/yoast.com\/product\/yoast-seo-wordpress\/ -->\n<title>Overnatting - Skeikampen Booking<\/title>\n<meta name=\"description\" content=\"Overnatting p\u00e5 Skeikampen i hytter og leiligheter Skeikampen Booking. Hytter i alle st\u00f8rrelser, like ved opplevelsene p\u00e5 Skeikampen.\" \/>\n<meta name=\"robots\" content=\"index, follow, max-snippet:-1, max-image-preview:large, max-video-preview:-1\" \/>\n<link rel=\"canonical\" href=\"https:\/\/skeikampenbooking.no\/\" \/>\n<meta property=\"og:locale\" content=\"nb_NO\" \/>\n<meta property=\"og:type\" content=\"article\" \/>\n<meta property=\"og:title\" content=\"Overnatting - Skeikampen Booking\" \/>\n<meta property=\"og:description\" content=\"Overnatting p\u00e5 Skeikampen i hytter og leiligheter Skeikampen Booking. Hytter i alle st\u00f8rrelser, like ved opplevelsene p\u00e5 Skeikampen.\" \/>\n<meta property=\"og:url\" content=\"https:\/\/skeikampenbooking.no\/\" \/>\n<meta property=\"og:site_name\" content=\"Skeikampen Booking\" \/>\n<meta property=\"article:publisher\" content=\"https:\/\/www.facebook.com\/skeikampenbooking\/\" \/>\n<meta property=\"article:modified_time\" content=\"2025-04-21T07:32:27+00:00\" \/>\n<meta name=\"twitter:card\" content=\"summary_large_image\" \/>\n<script type=\"application\/ld+json\" class=\"yoast-schema-graph\">{\"@context\":\"https:\/\/schema.org\",\"@graph\":[{\"@type\":\"WebPage\",\"@id\":\"https:\/\/skeikampenbooking.no\/\",\"url\":\"https:\/\/skeikampenbooking.no\/\",\"name\":\"Overnatting - Skeikampen Booking\",\"isPartOf\":{\"@id\":\"https:\/\/skeikampenbooking.no\/#website\"},\"datePublished\":\"2023-03-17T10:42:24+00:00\",\"dateModified\":\"2025-04-21T07:32:27+00:00\",\"description\":\"Overnatting p\u00e5 Skeikampen i hytter og leiligheter Skeikampen Booking. Hytter i alle st\u00f8rrelser, like ved opplevelsene p\u00e5 Skeikampen.\",\"breadcrumb\":{\"@id\":\"https:\/\/skeikampenbooking.no\/#breadcrumb\"},\"inLanguage\":\"nb-NO\",\"potentialAction\":[{\"@type\":\"ReadAction\",\"target\":[\"https:\/\/skeikampenbooking.no\/\"]}]},{\"@type\":\"BreadcrumbList\",\"@id\":\"https:\/\/skeikampenbooking.no\/#breadcrumb\",\"itemListElement\":[{\"@type\":\"ListItem\",\"position\":1,\"name\":\"Hjem\",\"item\":\"https:\/\/skeikampenbooking.no\/\"},{\"@type\":\"ListItem\",\"position\":2,\"name\":\"Overnatting\"}]},{\"@type\":\"WebSite\",\"@id\":\"https:\/\/skeikampenbooking.no\/#website\",\"url\":\"https:\/\/skeikampenbooking.no\/\",\"name\":\"Skeikampen Booking\",\"description\":\"\",\"publisher\":{\"@id\":\"https:\/\/skeikampenbooking.no\/#organization\"},\"potentialAction\":[{\"@type\":\"SearchAction\",\"target\":{\"@type\":\"EntryPoint\",\"urlTemplate\":\"https:\/\/skeikampenbooking.no\/?s={search_term_string}\"},\"query-input\":{\"@type\":\"PropertyValueSpecification\",\"valueRequired\":true,\"valueName\":\"search_term_string\"}}],\"inLanguage\":\"nb-NO\"},{\"@type\":\"Organization\",\"@id\":\"https:\/\/skeikampenbooking.no\/#organization\",\"name\":\"Skeikampen Booking\",\"url\":\"https:\/\/skeikampenbooking.no\/\",\"logo\":{\"@type\":\"ImageObject\",\"inLanguage\":\"nb-NO\",\"@id\":\"https:\/\/skeikampenbooking.no\/#\/schema\/logo\/image\/\",\"url\":\"https:\/\/skeikampenbooking.no\/wp-content\/uploads\/2023\/03\/skeikampen_booking_logo.png\",\"contentUrl\":\"https:\/\/skeikampenbooking.no\/wp-content\/uploads\/2023\/03\/skeikampen_booking_logo.png\",\"width\":930,\"height\":138,\"caption\":\"Skeikampen Booking\"},\"image\":{\"@id\":\"https:\/\/skeikampenbooking.no\/#\/schema\/logo\/image\/\"},\"sameAs\":[\"https:\/\/www.facebook.com\/skeikampenbooking\/\"]}]}<\/script>\n<!-- \/ Yoast SEO plugin. -->","yoast_head_json":{"title":"Overnatting - Skeikampen Booking","description":"Overnatting p\u00e5 Skeikampen i hytter og leiligheter Skeikampen Booking. Hytter i alle st\u00f8rrelser, like ved opplevelsene p\u00e5 Skeikampen.","robots":{"index":"index","follow":"follow","max-snippet":"max-snippet:-1","max-image-preview":"max-image-preview:large","max-video-preview":"max-video-preview:-1"},"canonical":"https:\/\/skeikampenbooking.no\/","og_locale":"nb_NO","og_type":"article","og_title":"Overnatting - Skeikampen Booking","og_description":"Overnatting p\u00e5 Skeikampen i hytter og leiligheter Skeikampen Booking. Hytter i alle st\u00f8rrelser, like ved opplevelsene p\u00e5 Skeikampen.","og_url":"https:\/\/skeikampenbooking.no\/","og_site_name":"Skeikampen Booking","article_publisher":"https:\/\/www.facebook.com\/skeikampenbooking\/","article_modified_time":"2025-04-21T07:32:27+00:00","twitter_card":"summary_large_image","schema":{"@context":"https:\/\/schema.org","@graph":[{"@type":"WebPage","@id":"https:\/\/skeikampenbooking.no\/","url":"https:\/\/skeikampenbooking.no\/","name":"Overnatting - Skeikampen Booking","isPartOf":{"@id":"https:\/\/skeikampenbooking.no\/#website"},"datePublished":"2023-03-17T10:42:24+00:00","dateModified":"2025-04-21T07:32:27+00:00","description":"Overnatting p\u00e5 Skeikampen i hytter og leiligheter Skeikampen Booking. Hytter i alle st\u00f8rrelser, like ved opplevelsene p\u00e5 Skeikampen.","breadcrumb":{"@id":"https:\/\/skeikampenbooking.no\/#breadcrumb"},"inLanguage":"nb-NO","potentialAction":[{"@type":"ReadAction","target":["https:\/\/skeikampenbooking.no\/"]}]},{"@type":"BreadcrumbList","@id":"https:\/\/skeikampenbooking.no\/#breadcrumb","itemListElement":[{"@type":"ListItem","position":1,"name":"Hjem","item":"https:\/\/skeikampenbooking.no\/"},{"@type":"ListItem","position":2,"name":"Overnatting"}]},{"@type":"WebSite","@id":"https:\/\/skeikampenbooking.no\/#website","url":"https:\/\/skeikampenbooking.no\/","name":"Skeikampen Booking","description":"","publisher":{"@id":"https:\/\/skeikampenbooking.no\/#organization"},"potentialAction":[{"@type":"SearchAction","target":{"@type":"EntryPoint","urlTemplate":"https:\/\/skeikampenbooking.no\/?s={search_term_string}"},"query-input":{"@type":"PropertyValueSpecification","valueRequired":true,"valueName":"search_term_string"}}],"inLanguage":"nb-NO"},{"@type":"Organization","@id":"https:\/\/skeikampenbooking.no\/#organization","name":"Skeikampen Booking","url":"https:\/\/skeikampenbooking.no\/","logo":{"@type":"ImageObject","inLanguage":"nb-NO","@id":"https:\/\/skeikampenbooking.no\/#\/schema\/logo\/image\/","url":"https:\/\/skeikampenbooking.no\/wp-content\/uploads\/2023\/03\/skeikampen_booking_logo.png","contentUrl":"https:\/\/skeikampenbooking.no\/wp-content\/uploads\/2023\/03\/skeikampen_booking_logo.png","width":930,"height":138,"caption":"Skeikampen Booking"},"image":{"@id":"https:\/\/skeikampenbooking.no\/#\/schema\/logo\/image\/"},"sameAs":["https:\/\/www.facebook.com\/skeikampenbooking\/"]}]}},"_links":{"self":[{"href":"https:\/\/skeikampenbooking.no\/index.php?rest_route=\/wp\/v2\/pages\/2493","targetHints":{"allow":["GET"]}}],"collection":[{"href":"https:\/\/skeikampenbooking.no\/index.php?rest_route=\/wp\/v2\/pages"}],"about":[{"href":"https:\/\/skeikampenbooking.no\/index.php?rest_route=\/wp\/v2\/types\/page"}],"author":[{"embeddable":true,"href":"https:\/\/skeikampenbooking.no\/index.php?rest_route=\/wp\/v2\/users\/1"}],"replies":[{"embeddable":true,"href":"https:\/\/skeikampenbooking.no\/index.php?rest_route=%2Fwp%2Fv2%2Fcomments&post=2493"}],"version-history":[{"count":1563,"href":"https:\/\/skeikampenbooking.no\/index.php?rest_route=\/wp\/v2\/pages\/2493\/revisions"}],"predecessor-version":[{"id":17482,"href":"https:\/\/skeikampenbooking.no\/index.php?rest_route=\/wp\/v2\/pages\/2493\/revisions\/17482"}],"wp:attachment":[{"href":"https:\/\/skeikampenbooking.no\/index.php?rest_route=%2Fwp%2Fv2%2Fmedia&parent=2493"}],"curies":[{"name":"wp","href":"https:\/\/api.w.org\/{rel}","templated":true}]}}